{"id":500,"date":"2023-01-19T12:30:42","date_gmt":"2023-01-19T12:30:42","guid":{"rendered":"https:\/\/www.arthubpikisaari.fi\/?page_id=500"},"modified":"2023-03-09T09:45:37","modified_gmt":"2023-03-09T09:45:37","slug":"terasjuurinen","status":"publish","type":"page","link":"https:\/\/www.arthubpikisaari.fi\/?page_id=500","title":{"rendered":"Ter\u00e4sjuurinen"},"content":{"rendered":"\n<div class=\"wp-block-buttons is-content-justification-center is-layout-flex wp-container-core-buttons-is-layout-1 wp-block-buttons-is-layout-flex\">\n<div class=\"wp-block-button\"><a class=\"wp-block-button__link wp-element-button\" href=\"https:\/\/youtu.be\/mGYBLjsLnt4\" target=\"_blank\" rel=\"noreferrer noopener\">video<\/a><\/div>\n<\/div>\n\n\n\n<div style=\"height:31px\" aria-hidden=\"true\" class=\"wp-block-spacer\"><\/div>\n\n\n\n<p>Art Hub Pikisaaren Olet t\u00e4ss\u00e4 &#8211; yhteis\u00f6llisess\u00e4 taideprojektissa Riitta kertoo itselleen t\u00e4rke\u00e4st\u00e4 maamerkist\u00e4. P\u00e4\u00e4set katsomaan videon yll\u00e4 olevasta linkist\u00e4.<\/p>\n\n\n\n<p>&#8221;Riitalla on tapana kiert\u00e4\u00e4 aamuisin Pikisaaren ymp\u00e4ri viev\u00e4\u00e4 polkua, joka kulkee etel\u00e4puolella muinaisen saha-alueen l\u00e4vitse. Vanhan sahan raunioista on n\u00e4kyvill\u00e4 betonipilareita ja erilaisia rakenteita. Siell\u00e4 kasvaa my\u00f6s tietty puu, jonka juuret kiertyv\u00e4t rautaromuun, ter\u00e4kseen, kiviin ja betoniin. Puu kasvualustoineen on Riitalle metafora menneen aikakauden ihmisist\u00e4 ja heid\u00e4n ahertamisestaan. Yh\u00e4 uudestaan Riitta huomaa pys\u00e4htyv\u00e4ns\u00e4 h\u00e4nelle merkitt\u00e4v\u00e4ksi muodostuneen puun luokse.&#8221;<\/p>\n\n\n\n<div style=\"height:51px\" aria-hidden=\"true\" class=\"wp-block-spacer\"><\/div>\n\n\n\n<figure class=\"wp-block-image alignwide size-large\"><a href=\"https:\/\/www.arthubpikisaari.fi\/wp-content\/uploads\/2023\/01\/IMG_2615_puu_pieni-1.jpg\"><img fetchpriority=\"high\" decoding=\"async\" width=\"1024\" height=\"683\" src=\"https:\/\/www.arthubpikisaari.fi\/wp-content\/uploads\/2023\/01\/IMG_2615_puu_pieni-1-1024x683.jpg\" alt=\"\" class=\"wp-image-503\" srcset=\"https:\/\/www.arthubpikisaari.fi\/wp-content\/uploads\/2023\/01\/IMG_2615_puu_pieni-1-1024x683.jpg 1024w, https:\/\/www.arthubpikisaari.fi\/wp-content\/uploads\/2023\/01\/IMG_2615_puu_pieni-1-300x200.jpg 300w, https:\/\/www.arthubpikisaari.fi\/wp-content\/uploads\/2023\/01\/IMG_2615_puu_pieni-1-768x512.jpg 768w, https:\/\/www.arthubpikisaari.fi\/wp-content\/uploads\/2023\/01\/IMG_2615_puu_pieni-1-1536x1024.jpg 1536w, https:\/\/www.arthubpikisaari.fi\/wp-content\/uploads\/2023\/01\/IMG_2615_puu_pieni-1.jpg 1890w\" sizes=\"(max-width: 1024px) 100vw, 1024px\" \/><\/a><figcaption class=\"wp-element-caption\">Riitta ja ter\u00e4sjuurinen puu.<\/figcaption><\/figure>\n","protected":false},"excerpt":{"rendered":"<p>Art Hub Pikisaaren Olet t\u00e4ss\u00e4 &#8211; yhteis\u00f6llisess\u00e4 taideprojektissa Riitta kertoo itselleen t\u00e4rke\u00e4st\u00e4 maamerkist\u00e4. P\u00e4\u00e4set katsomaan videon yll\u00e4 olevasta linkist\u00e4. &#8221;Riitalla on tapana kiert\u00e4\u00e4 aamuisin Pikisaaren ymp\u00e4ri viev\u00e4\u00e4 polkua, joka kulkee etel\u00e4puolella muinaisen saha-alueen l\u00e4vitse. Vanhan sahan raunioista on n\u00e4kyvill\u00e4 betonipilareita ja erilaisia rakenteita. Siell\u00e4 kasvaa my\u00f6s tietty puu, jonka juuret kiertyv\u00e4t rautaromuun, ter\u00e4kseen, kiviin ja &hellip; <\/p>\n<p class=\"link-more\"><a href=\"https:\/\/www.arthubpikisaari.fi\/?page_id=500\" class=\"more-link\">Read more<span class=\"screen-reader-text\"> &#8221;Ter\u00e4sjuurinen&#8221;<\/span><\/a><\/p>\n","protected":false},"author":2,"featured_media":0,"parent":29,"menu_order":0,"comment_status":"closed","ping_status":"closed","template":"","meta":{"footnotes":""},"class_list":["post-500","page","type-page","status-publish","hentry"],"_links":{"self":[{"href":"https:\/\/www.arthubpikisaari.fi\/index.php?rest_route=\/wp\/v2\/pages\/500","targetHints":{"allow":["GET"]}}],"collection":[{"href":"https:\/\/www.arthubpikisaari.fi\/index.php?rest_route=\/wp\/v2\/pages"}],"about":[{"href":"https:\/\/www.arthubpikisaari.fi\/index.php?rest_route=\/wp\/v2\/types\/page"}],"author":[{"embeddable":true,"href":"https:\/\/www.arthubpikisaari.fi\/index.php?rest_route=\/wp\/v2\/users\/2"}],"replies":[{"embeddable":true,"href":"https:\/\/www.arthubpikisaari.fi\/index.php?rest_route=%2Fwp%2Fv2%2Fcomments&post=500"}],"version-history":[{"count":12,"href":"https:\/\/www.arthubpikisaari.fi\/index.php?rest_route=\/wp\/v2\/pages\/500\/revisions"}],"predecessor-version":[{"id":611,"href":"https:\/\/www.arthubpikisaari.fi\/index.php?rest_route=\/wp\/v2\/pages\/500\/revisions\/611"}],"up":[{"embeddable":true,"href":"https:\/\/www.arthubpikisaari.fi\/index.php?rest_route=\/wp\/v2\/pages\/29"}],"wp:attachment":[{"href":"https:\/\/www.arthubpikisaari.fi\/index.php?rest_route=%2Fwp%2Fv2%2Fmedia&parent=500"}],"curies":[{"name":"wp","href":"https:\/\/api.w.org\/{rel}","templated":true}]}}